 remainder when 1/(2/106*1) is divided by k.
9
Suppose 74 = -0*p + p + 3*f, 2*p + f = 148. What is the remainder when p is divided by 58/87 + (-37)/(-3)?
9
Suppose 6*d = 57 + 39. What is the remainder when 65 is divided by (-18)/(-6) - d/(-2)?
10
Let g(c) = -c**3 + 8*c**2 - 13. Let i = -14 - -19. Suppose 0 = -w - w - j + 11, -i*j = 4*w - 19. What is the remainder when g(w) is divided by 20?
19
Suppose 0 = -0*d + d + 29. Let h = d - -44. What is the remainder when 43 is divided by h?
13
Let r = -1422 + 1428. Suppose 3*s = -4*q - 1 + 40, -s = -2*q + 17. Calculate the remainder when q is divided by r.
3
Let f(r) = r + 3 + 4 + 7*r**2 - 4. Calculate the remainder when f(-2) is divided by 15.
14
Calculate the remainder when 40 is divided by 544/24 + 2*(-2)/6.
18
Let l = -665 - -682. Suppose -i - 2*i + 141 = 0. What is the remainder when i is divided by l?
13
Suppose 0 = 35*c - 56*c + 378. What is the remainder when 376 is divided by c?
16
Suppose 2*m = -2, -o = 4*m - 10 + 57. Let j = o + 65. What is the remainder when 64 is divided by j?
20
Suppose -44*t = -42*t - 236. What is the remainder when t is divided by 30?
28
Let f(j) = 5*j + 35. What is the remainder when 284 is divided by f(-2)?
9
Suppose f - 15 = 2*o, 0 = 2*f - 2*o + 1 - 35. Calculate the remainder when 182 is divided by f.
11
Suppose -3*z - 12*z + 150 = 0. Calculate the remainder when 105 is divided by z.
5
What is the remainder when 21 is divided by 4/(-28) - 344/(-56)?
3
Let d be 6 + -4 - (1 + -3). Let r be 1*-1*(-4)/d. Suppose f - 5 = -r. Calculate the remainder when 12 is divided by f.
0
Let b(w) = 3*w**2 + 57*w + 19. Calculate the remainder when 70 is divided by b(-19).
13
Let x = 2 + 2. Suppose x*l = 3*c + 72, -6*l + l + 93 = -3*c. Let j = 30 - l. Calculate the remainder when j is divided by 3.
0
Suppose h - 37 = -4*m, -4 = -4*h + m + 161. Let a(i) = -i**3 - 4*i**2 + 6*i + 8. Let l be a(-4). Calculate the remainder when h is divided by (-231)/44*l/6.
13
Let x = -8 - -10. Suppose 0 = 4*w - m - 23, w - 15 = 4*m + x. Suppose -294 = -w*h + 3*t, t - 62 = -h - 0*t. Calculate the remainder when h is divided by 21.
18
Let t(k) = -k**3 - 5*k**2 + 10*k + 7. Let z = 11 + -9. Suppose 0 = -4*w - z + 50. What is the remainder when t(-7) is divided by w?
11
Suppose 3*o = 5*o - 22. Suppose -o = -4*p - 3. Suppose -k = -22 - p. What is the remainder when 70 is divided by k?
22
Suppose -18 = 48*f - 51*f. Suppose -l - 5*n = -2*l + 8, -128 = -4*l - 4*n. What is the remainder when l is divided by f?
4
Let v be (-7 + 6)*1*(0 - 37). Let q = -11 + v. Let o = -102 - -203. What is the remainder when o is divided by q?
23
Let t be 3/6 + (-93)/(-2). Suppose -j = -3*g + 11 + 9, 5*g - 20 = -j. Let a = t - j. Calculate the remainder when a is divided by 9.
7
Let g(f) = 10*f**3 - 5*f**2 + 11*f - 15. Calculate the remainder when g(4) is divided by 118.
117
Let g = 3 - -2. Suppose 0 = f - 7 + 4. Let h = f + g. What is the remainder when 13 is divided by h?
5
Let j(r) = -5*r + 38. Let o be (-1340)/110 + 2/11. What is the remainder when j(o) is divided by 26?
20
Suppose 2*r = v + 4*v - 14, -3*r = 4*v - 25. Calculate the remainder when (5 - v)/((-1)/(-38)) is divided by 14.
10
Suppose 165*b + 60 = 175*b. What is the remainder when 141 is divided by b?
3
Let h(v) = -5*v - 16. Let u be h(-4). What is the remainder when 34 is divided by (-78)/(-8) + (-3)/u?
7
Let z = 41 - 25. Let o = -14 + z. What is the remainder when (-147)/(-6) - 3/o is divided by 8?
7
Suppose 0 = 2*b + 6*b - 616. Suppose 4*n + 9 = b. What is the remainder when 33 is divided by n?
16
Suppose -5*l = 0, 5*a - 4*l + 3*l = 0. Suppose -2*i + 5*m = -29, a*m - 7 = -i + 5*m. Calculate the remainder when 109 is divided by i.
21
Let p(y) = -13*y - 17. Calculate the remainder when 62 is divided by p(-2).
8
Suppose -l + 21 = 5*c, 105*l = 104*l + 5*c + 1. Calculate the remainder when 1*-2*(-130)/4 is divided by l.
10
Let s(n) = -n**3 - n**2 + n + 1. Let l be s(-4). Let o be 2/4 - l/(-6). Let q(y) = y + 4. What is the remainder when q(o) is divided by 5?
2
Let j(n) = -12*n**2 - 18*n - 6. Let c be j(-6). Calculate the remainder when 54 is divided by c/(-24) + 1/4.
12
Let y = 98 - -43. What is the remainder when y is divided by 18?
15
Let c = 1467 - 995. What is the remainder when c is divided by 79?
77
What is the remainder when -4 + 5/(-10)*-82 + 0 is divided by 11?
4
Let h be ((-28)/21)/((-4)/186). Suppose -3*i + h = -28. What is the remainder when 58 is divided by i?
28
Let g = -816 + 1011. Calculate the remainder when g is divided by 25.
20
Let y = 125 + 225. What is the remainder when y is divided by 39?
38
Suppose -3*g = -26*y + 21*y - 91, 2*g - 49 = y. What is the remainder when 62 is divided by g?
18
Let k(f) = -12*f - 1. Let z be k(-1). Suppose g + 6 = 2*v, -g + 4*v = 3 + z. Suppose 0 = g*t - 81 - 33. Calculate the remainder when t is divided by 12.
9
Let u = 31 - 48. Let v(f) = 21*f**2 - f - 1. Let m be v(-1). Let i = u + m. What is the remainder when 14 is divided by i?
2
Let a(q) be the second derivative of -q**4/12 - 11*q**3/6 - 19*q**2/2 + 11*q. What is the remainder when 24 is divided by a(-8)?
4
Let v = -1 - -3. Suppose 0*w + v*q = -2*w - 22, 3*w + 5*q + 29 = 0. Let i(s) = -s**3 - 14*s**2 - 13*s + 14. What is the remainder when 38 is divided by i(w)?
10
Let y(s) = -s**3 + 2*s**2 + 3*s + 1. Let g be y(3). Suppose b - 4 = -g. Suppose -2*l = -6, j - 3*j - b*l = -41. Calculate the remainder when 44 is divided by j.
12
Let v(m) = 2*m**2 - 2*m - 1. Let w be v(-1). Suppose 1 = -f - 2*n, 0 = -2*f + 2*n + w*n + 16. What is the remainder when 34 is divided by (-1)/f + 148/12?
10
Let g(w) = -11*w**3 - 5*w**2 - 11*w - 2. Suppose 0 = -5*y - 119 + 109. What is the remainder when g(y) is divided by 7?
4
Let a(q) = -q + 11. Let y be a(8). Let f be ((-6)/(-8))/(y/204). Let k = 72 - f. Calculate the remainder when k is divided by 6.
3
Let h(p) = -p**2 + 9*p + 27. Let r be h(12). Let g(w) = -w**2 - 11*w - 6. Let b be g(r). What is the remainder when 25 is divided by 80/b - (-1)/3?
4
Let h = 1322 - 1307. Suppose -4*q - 10 = -2. What is the remainder when 0 + q + 58/2 is divided by h?
12
Calculate the remainder when ((-64)/28 - -4)/(40/3780) is divided by 15.
12
Suppose 0 = -o - 0*v + 2*v + 3, -24 = -4*o - 4*v. What is the remainder when -3 + (244 + 1)/o is divided by 8?
6
What is the remainder when 313 is divided by 15625/275 - (-8)/44?
28
Let b = 544 + -531. What is the remainder when 71 is divided by b?
6
Let h = -174 + 188. Calculate the remainder when h is divided by 9.
5
Let r be 3*4/24*(-30)/1. Let y = r + 22. Calculate the remainder when 40 is divided by y.
5
Suppose -11*f = -0*f - 99. What is the remainder when 30 is divided by (-3)/f + (-55)/(-3)?
12
Suppose 63 - 3 = 4*p + 2*l, l = 0. What is the remainder when p is divided by 8?
7
Suppose d = -5*n + 12, 56 = -3*d + 5*n + 172. Calculate the remainder when 81 is divided by d.
17
Let f(b) = -52*b + 10*b - 22*b - 10*b. Calculate the remainder when f(-1) is divided by 39.
35
Suppose 3*z = -3*w + 57, -64*w = 2*z - 69*w - 52. Calculate the remainder when 184 is divided by z.
16
Let q(z) = -z**2 + 9*z - 10. Let k be 4/(-8)*14/(-1). Let g be q(k). Suppose -2*u = -g*u + 56. What is the remainder when u is divided by 12?
4
Let c = -3 - -8. Suppose 0 = c*l - 4*q - 308 - 112, 3*q = -5*l + 420. What is the remainder when l is divided by 22?
18
Suppose -3*p - 10 = -19. Suppose -2*n + 14 = 3*n + c, -p*n - 4*c + 5 = 0. What is the remainder when 70/8 + 1/4 is divided by n?
0
Let r(i) = 55*i**2 - 2*i - 4. Let v be r(-2). Suppose -v = -3*w - w. Calculate the remainder when w is divided by 14.
13
Let a be (-4)/((-16)/(-276)) + -4 + 1. Let v = a - -80. Calculate the remainder when v is divided by 2.
0
Suppose 0*i - i + 4 = 0. Suppose -i*t - 4 - 36 = -f, 3*t = 4*f - 95. Calculate the remainder when f is divided by 2/(-4) + (-5)/((-10)/23).
9
Let s(l) = 8*l**2 - 7*l**2 - l**3 + 5*l - 6*l**2. Let b be (9/(-2))/((-12)/(-16)). What is the remainder when 22 is divided by s(b)?
4
Suppose 4*w - 2 = 2*w. Let z = -26 + 32. Suppose -z + 21 = 5*s. What is the remainder when s is divided by w?
0
Suppose -v + 4*d = 2, -5*v + 89*d = 84*d - 35. Suppose 5*i + 0*i - 80 = 0. Calculate the remainder when i is divided by v.
6
Let z(p) = p**2 - 5*